 (-2 + (-8 - -18 - 8))
6
-2 - -6 - (-73 - -69)
8
What is the value of -24 + (52 - 24) + -3?
1
What is -2 - ((-15 - (2 + -8)) + -4) - 8?
3
Evaluate -73 + 82 + 2 + -1 + 3.
13
Calculate 9 + (-12 + -1 - (13 + -6)).
-11
(-25 - -5) + (12 - 6) - (-2 + -3)
-9
What is the value of 0 + (5 - (5 - 0 - 7))?
7
What is the value of -12 + -1 - (-14 - 7 - -4 - -14)?
-10
What is the value of 4 + -2 - (-10 - (-16 + 11))?
7
Evaluate -27 - (-42 - (-2 + -32)).
-19
(0 - -4) + (27 - 47) + (-2 - -43)
25
-1 - 30 - (751 - 792)
10
Evaluate -3 + -2 + 0 - (47 + -51).
-1
What is the value of 4 + (0 - (-31 + 26 - (0 - 2)))?
7
Calculate 51 + (-4 - -47 - 63).
31
10 + 8 + -6 + (-4 + -3 - -18)
23
Evaluate -12 - (0 + 14 + -33).
7
(-4 - (26 + 13)) + 53
10
Calculate (10 - (16 - 29)) + -1.
22
What is 1 + 0 + (52 - 27) + -8?
18
What is the value of -15 - (-39 - -3 - 2)?
23
9 + -1 + 3 + -1 + (1 - 2)
9
What is the value of -24 - (-45 - (36 + -39))?
18
Calculate 14 - 3 - (225 + -243).
29
What is the value of -2 + (13 - 1) + 4 + -25 + 20?
9
-144 + 137 - (-2 + (8 - -1))
-14
Calculate -3 + (1 - 5) + 4 + 4.
1
Evaluate 31 + -32 - (2 - 2).
-1
Evaluate -8 + (-17 - 0) + 44.
19
Evaluate -1 + 13 + (89 - 99) - -1 - -22.
25
0 + 5 + (2 - 0 - (21 - 19))
5
What is the value of 0 + 3 + 1 + 6 + -3 + -8?
-1
5 + (11 + 21 - 24)
13
-917 + 888 - (1 - 27)
-3
Evaluate -14 - ((-18 - -16) + -3 + -3).
-6
What is 3 + -1 + (12 + 5 + -9 - 0)?
10
What is ((-3 - -6) + -13 - 4) + 4?
-10
Evaluate 1 + 6 + 20 + (-11 - 8).
8
75 - (6 - 3) - 41
31
What is -25 + -36 + 77 + (1 - (-10 - -1))?
26
Evaluate 8 - (-3 - (-5 - 3)).
3
Calculate (3 - 13) + (-1 - -25).
14
What is (-95 - -70) + (-4 - -11)?
-18
Calculate 11 + 0 + (20 - 56) + 50.
25
Calculate 2 + 12 + (-10 - 1).
3
Calculate (1 + 2 - 1) + 2 + -48 + 40.
-4
Calculate (0 + -7 - (-13 + 4)) + 2.
4
What is 10 - (15 + (-32 - -13))?
14
What is the value of -39 - -22 - (-5 - (1 + -6))?
-17
Evaluate (1 - (11 - 10)) + (-7 - (-1 + -2)).
-4
Evaluate 8 + -3 - (5 + -16 + 11).
5
What is -1 + -2 + 0 + (9 - 5) - -9?
10
What is the value of (-1 + 1 + -3 - 2) + 10 + -7?
-2
Evaluate (5 - (1 + 6)) + -2 + -5 + 0.
-9
Evaluate (-10 - (-10 + 23 - 18)) + (12 - 3).
4
Evaluate 12 + -26 + 41 + -10 + 4.
21
What is (-2 - 1) + 7 + -12 + 0?
-8
Evaluate 1 - (-14 - -27) - (1 - 2) - 0.
-11
What is the value of 7 + -2 + 73 + -69?
9
What is -9 + (1 - -1) - -13 - (6 + -1)?
1
What is the value of (-1 - (12 - 15)) + -10?
-8
Evaluate (-26 - -4) + 36 - (-3 - 4).
21
What is the value of -1 + -7 - (31 + -46) - 4?
3
Calculate -2 - (3 + (-3 + 6 - 2)).
-6
(2 - 13 - -3) + (132 - 116)
8
What is the value of 86 + -79 - (-1 + 6 + 0)?
2
81 - 81 - (-4 - (1 + 5))
10
1 - -30 - (-21 - (-11 + -18))
23
What is the value of -1 + -12 + -1941 + 1926?
-28
What is the value of (-3 - -2) + -23 + 24 + 9?
9
What is 30 + 0 - (66 + -31 - 27)?
22
Calculate 26 - (-1 + 16 + 159 + -167).
19
(-123 - -126) + (0 - 5) - 1
-3
Evaluate -7 + -11 - (-2 + (5 - 6) - 2).
-13
What is the value of 0 + 10 + (-4 + 15 - (79 - 54))?
-4
What is the value of 6 + 8 + -3 + -3 + 6 + -10?
4
Evaluate -8 + (17 - 4) - -5.
10
Calculate -10 + -1 + (1 - -11 - (118 - 104)).
-13
4 - 3 - (5 + -2 + -14 - 3)
15
What is the value of 26 + -10 + (79 - 100)?
-5
Calculate -5 - -1 - -7 - (-5 + -2 + 5).
5
What is the value of -1 + 1 - 4 - (-3 + 17 + 10)?
-28
What is the value of 23 - (-4 + (7 - 1 - -7))?
14
Calculate -1 + 0 + (65 - 61 - (1 - 2)).
4
What is the value of -2 + (-5 + 12 - (1 + 1))?
3
(2 + 6 - 14) + 2 + 9 - 16
-11
-1 + 8 + (-145 - -145 - (-1 + 13))
-5
Evaluate -9 + 0 + (-53 + 59 - 13).
-16
What is (-3 - -4) + -1 - -5 - (2 + -3)?
6
5 - (-4 - (-12 - -34))
31
Evaluate 90 + -93 + (0 - -1) - -11.
9
What is the value of -8 + 19 + -5 + 7 + 4 + -12?
5
Calculate (8 - (9 + -4)) + -12 - -4.
-5
Evaluate -40 + (3 - -3) + 21.
-13
What is 10 - (-14 + (-10 + 3 - -4 - -9))?
18
What is 18 + -1 - (419 - 370)?
-32
Evaluate 22 - 12 - -6 - 16.
0
What is 3 + 1 - -11 - 0?
15
Evaluate (34 - 19 - 11) + 4.
8
Calculate 8 + (2 - 19) + (-1 - -16) + -25.
-19
What is 0 + (4 - 2) + -26 - -8 - -1?
-15
-13 + (12 + -2 + 16 - 14)
-1
What is the value of 6 - (-9 + 6 - (-3 + -24 - 6))?
-24
51 + -33 + -33 + -4
-19
Evaluate -26 + ((-1 - 5) + 6 - (4 - 11)).
-19
Evaluate 9 - (-10 - (-26 + 28)).
21
-3 + (-16 - (-5 - 9 - -5))
-10
What is -25 + 1 - ((-3 - 6) + 2)?
-17
What is (-24 + 23 - -11) + -2?
8
What is the value of -7 - -1 - (31 + -101 + 44)?
20
What is the value of (3 - 6 - -34 - -3) + -51 + 53?
36
Evaluate 2 + -3 - (-6 - -14 - 3).
-6
What is -17 - (-14 + 7 + -3)?
-7
What is the value of 6 + -24 + 9 + (-7 - -1)?
-15
Evaluate (-11 - -1) + (-13 - -19) + -11.
-15
Evaluate -76 + (4 - -17) - -26.
-29
What is -21 + (-11 - -26) + 3?
-3
Evaluate 9 - (16 + -13 - -5).
1
((-2 - -4) + 2 - -13) + 3 + -3
17
Calculate 27 - (8 + -8 + 17 + -11).
21
Calculate -17 + 14 - 8 - -23.
12
What is (-3 - 6) + -71 + 84?
4
Evaluate 179 + -2 + -172 - (-1 + 0 + -23).
29
What is -21 - -2 - (-935 - -894)?
22
Calculate 3 + (13 - (-1 + 7)).
10
0 + 30 - (1474 - 1467)
23
Evaluate -4 - 25 - (-17 - -9).
-21
What is 16 + (12 - (16 + -1))?
13
Calculate 2 - -1 - (-4 + -2) - (16 - 17).
10
What is -2 + 0 + 7 + (97 - 100)?
2
What is the value of (3 - -1) + -28 + 30 + (1 - 10)?
-3
What is 5 + -1 + 0 + 0 + (-3 - 5)?
-4
3 - -2 - ((149 - 134) + 4 + 0)
-14
Evaluate (-22 - 3 - -15) + (13 - 4).
-1
What is the value of 6 + 0 + 3 - 13?
-4
What is (-3 + (0 - -1) - (7 + 13)) + 8?
-14
What is the value of 54 - 26 - ((5 - 2 - -4) + 0)?
21
Evaluate 0 + 1 + -90 + 83 + 0 + -1.
-7
What is the value of -1 + -7 - (-10 + -8 - 1)?
11
Evaluate -6 + (0 + (0 - -11) - (-217 - -220)).
2
What is the value of (3 - 8) + 12 + -2 + -11?
-6
What is the value of 29 - (29 - 23) - 6?
17
What is 14 - (16 + 6 + 16)?
-24
What is the value of 8 + (-8 - (-22 - (-14 + 7 + -1)))?
14
What is -8 + (-5 - (11 - -1) - (-19 - -14))?
-20
(-2 + 1 - (-56 - -49)) + -11
-5
(-1 - 30) + -102 + 109 + -6
-30
(458 + -440 - (11 - -1)) + -41
-35
Calculate (-2 - 3) + 3 + -10.
-12
What is -1 + (-13 - -1 - 2) - (151 + -161)?
-5
(1 + (1 - (-16 + 3)) - 11) + -23
-19
(0 - -7) + -68 + 66 + -26
-21
What is the value of -4 + 10 - ((-5 - -17) + -1) - -12?
7
What is the value of 6 + (40 - 94) + 33?
-15
What is the value of 2 - (8 + 8 + (-1 - -4))?
-17
Evaluate (12 - -44) + (-49 - -15).
22
What is -2 + (-1 - (-1 - (-10 + 4))) + 1?
-7
Calculate -4 - (8 - 14) - (6 + 0).
-4
Calculate -12 + 0 - (5 + (0 - 2)).
-15
What is -4 + 1 + -34 + 24?
-13
Evaluate 8 + -5 + 15 + -3 + -22.
-7
Evaluate (0 - 2) + (-7 - (-13 + 5) - 8).
-9
What is the value of -17 - (-25 + 11 - 1) - 19?
-21
Calculate (10 - 2) + (-27 - (-42 - -30)).
-7
Calculate -1 + -14 + 3 + 10.
-2
Evaluate (-5 - 14) + 17 + -1 - (5 + 1).
-9
Evaluate -6 - (-4 - (5 + -2 + -6)) - -6.
1
Calculate 8 - 18 - (-15 - -21).
-16
What is the value of 22 + -13 + -1 + (-72 - -78)?
14
Calculate (12 - (7 + 1)) + (0 + -10 - -1).
-5
What is 34 + -14 + -17 - -4?
7
(7 - 10 - 12) + (1 - -8) - 4
-10
Calculate 5 + (37 - (94 + -34)).
-18
(21 - (-6 + 14)) + -13
0
Calculate 18 + (-13 - (0 - 1)).
6
Evaluate 51 + -45 - (-7 + 2 + -4 + 0).
15
Evaluate (1 - -6) + 12 + -29 - -12.
2
What is -3 - (-9 - ((9 - 3) + -5))?
7
Evaluate -13 + 1 + -32 + 48 - 4.
0
Calculate 21 + (7 - (-19 + 32)).
15
Evaluate (44 - (2 + 22)) + (-8 - 0).
12
Calculate -14 + 4 + 0 + 2 + -1 + 3.
-6
Evaluate (0 - -11) + 989 + -974.
26
What is the value of 215 + -211 + (0 - -16) - (2 + 2)?
16
What is the value of -69 + 88 - (-9 - -9)?
19
What is the value of -8 - -19 - 0 - 2 - 33?
-24
(1 - (-4 - 0) - (-141 + 146)) + -3
-3
Calculate -14 + -20 + (-5 - 11) + 11.
-39
What is the value of -4 + (2 - -2) + 4 - (-1 - 3)?
8
What is 1 + -3 + 4 - (-5 - -9 - -1)?
-3
Evaluate (-16 - (-25 + -7) - 6) + -2 + -1.
7
What is (12 - (-2 + (-6 - (-6 + 0)))) + 2?
16
What is the value of 7 + (6 - 10) - (9 + -20)?
14
What is the value of 13 + 8 + -14 - 22?
-15
What is the value of 19 - (7 - 19) - 16?
15
Evaluate 5 - (-13 - (-1 - -5)).
22
6 + (0 + 5 - 8) + 0 + -1
2
What is (0 - (-1 + (5 - 7))) + -1 + -8?
-6
What is the value of (2 - -11) + -5 - (2 - 0) - 23?
-17
(-300 - -301) + (-7 - -14) + (-1 - -4)
11
Evaluate -14 + (23 - -6) + -18.
-3
What is the value of (-14 - -12) + (-4 - 1) - -18?
11
2 + -13 + 21 + -7 - (-10 - 0)
13
Evaluate (7 - 7 - 3) + 19 - 11.
5
What is 8 - 